7016?
5
What is the hundred millions digit of 574828665?
5
What is the millions digit of 572864098?
2
What is the hundred thousands digit of 4807131635?
1
What is the ten thousands digit of 4968199?
6
What is the ten thousands digit of 2262369222?
6
What is the ten millions digit of 26707372?
2
What is the tens digit of 7180222?
2
What is the ten thousands digit of 271502120?
0
What is the tens digit of 36955543?
4
What is the ten millions digit of 60478680?
6
What is the hundred thousands digit of 83577509?
5
What is the units digit of 4811168857?
7
What is the hundreds digit of 4074386823?
8
What is the hundred millions digit of 285372994?
2
What is the ten millions digit of 242332285?
4
What is the thousands digit of 78849064?
9
What is the hundred thousands digit of 1532710306?
7
What is the units digit of 535440198?
8
What is the units digit of 92206971?
1
What is the hundred thousands digit of 119446654?
4
What is the ten thousands digit of 13093407?
9
What is the hundred thousands digit of 1183970047?
9
What is the hundred thousands digit of 33382261?
3
What is the millions digit of 4589301687?
9
What is the units digit of 6091627?
7
What is the units digit of 91766316?
6
What is the thousands digit of 52722056?
2
What is the ten thousands digit of 9287171?
8
What is the hundred thousands digit of 660277140?
2
What is the ten millions digit of 42071163?
4
What is the billions digit of 3369494304?
3
What is the millions digit of 154337047?
4
What is the hundred thousands digit of 107872962?
8
What is the ten millions digit of 5679613593?
7
What is the millions digit of 117291406?
7
What is the thousands digit of 117183397?
3
What is the hundred thousands digit of 249797669?
7
What is the thousands digit of 45524149?
4
What is the units digit of 44102763?
3
What is the ten thousands digit of 69086247?
8
What is the millions digit of 247682331?
7
What is the millions digit of 215323850?
5
What is the ten millions digit of 21283087?
2
What is the thousands digit of 536457386?
7
What is the hundreds digit of 259951931?
9
What is the tens digit of 509024093?
9
What is the ten thousands digit of 1584858370?
5
What is the thousands digit of 356163179?
3
What is the hundred millions digit of 5553136809?
5
What is the units digit of 55106337?
7
What is the hundred millions digit of 407706839?
4
What is the ten thousands digit of 1216280248?
8
What is the millions digit of 69521479?
9
What is the ten thousands digit of 1249915392?
1
What is the ten thousands digit of 1454262333?
6
What is the tens digit of 938928904?
0
What is the thousands digit of 12274851?
4
What is the ten millions digit of 394008617?
9
What is the hundreds digit of 619770518?
5
What is the hundred thousands digit of 3481326424?
3
What is the hundred millions digit of 4701228567?
7
What is the millions digit of 534997058?
4
What is the hundred millions digit of 465972881?
4
What is the billions digit of 2206085806?
2
What is the tens digit of 2235707914?
1
What is the thousands digit of 5579165198?
5
What is the thousands digit of 525265644?
5
What is the units digit of 70472876?
6
What is the hundreds digit of 21705996?
9
What is the hundreds digit of 1396628472?
4
What is the hundred thousands digit of 170056374?
0
What is the millions digit of 35452641?
5
What is the hundreds digit of 45701919?
9
What is the tens digit of 97566615?
1
What is the billions digit of 1557871371?
1
What is the hundreds digit of 31876127?
1
What is the ten thousands digit of 7656532?
5
What is the hundreds digit of 662026880?
8
What is the tens digit of 509483366?
6
What is the tens digit of 532684094?
9
What is the tens digit of 3328868120?
2
What is the thousands digit of 930863832?
3
What is the units digit of 717658361?
1
What is the billions digit of 3843130290?
3
What is the hundreds digit of 90411630?
6
What is the tens digit of 859559100?
0
What is the thousands digit of 1609020792?
0
What is the ten thousands digit of 116805835?
0
What is the tens digit of 28049532?
3
What is the ten millions digit of 29592097?
2
What is the units digit of 771559260?
0
What is the millions digit of 621471537?
1
What is the hundred millions digit of 241299349?
2
What is the units digit of 26988023?
3
What is the hundreds digit of 96731023?
0
What is the millions digit of 272103136?
2
What is the millions digit of 35987241?
5
What is the units digit of 750599947?
7
What is the billions digit of 2871702416?
2
What is the hundreds digit of 422952771?
7
What is the hundred millions digit of 4361004796?
3
What is the tens digit of 720100?
0
What is the hundreds digit of 24200097?
0
What is the hundred thousands digit of 160189247?
1
What is the units digit of 18469642?
2
What is the hundred thousands digit of 18668990?
6
What is the tens digit of 466333636?
3
What is the tens digit of 1549771881?
8
What is the units digit of 22944003?
3
What is the hundreds digit of 258402008?
0
What is the thousands digit of 1135426054?
6
What is the tens digit of 1181662676?
7
What is the hundred thousands digit of 7729697810?
6
What is the tens digit of 62958305?
0
What is the ten thousands digit of 1578341255?
4
What is the thousands digit of 1056613554?
3
What is the units digit of 28133466?
6
What is the tens digit of 1131594774?
7
What is the millions digit of 448542115?
8
What is the ten millions digit of 693408973?
9
What is the thousands digit of 1292190228?
0
What is the ten thousands digit of 110033512?
3
What is the millions digit of 1371696626?
1
What is the hundred millions digit of 125593322?
1
What is the units digit of 97841543?
3
What is the units digit of 58492365?
5
What is the thousands digit of 10653357?
3
What is the tens digit of 411579486?
8
What is the billions digit of 1239439181?
1
What is the hundred thousands digit of 1470714337?
7
What is the hundred thousands digit of 80012195?
0
What is the hundreds digit of 4724028046?
0
What is the ten millions digit of 1949217304?
4
What is the units digit of 1794523855?
5
What is the thousands digit of 194657998?
7
What is the ten thousands digit of 851656885?
5
What is the ten millions digit of 968424008?
6
What is the ten millions digit of 206564234?
0
What is the millions digit of 115682953?
5
What is the hundred millions digit of 2550941370?
5
What is the units digit of 6048395?
5
What is the ten millions digit of 1315381110?
1
What is the hundreds digit of 127637171?
1
What is the thousands digit of 144329595?
9
What is the units digit of 610268118?
8
What is the ten thousands digit of 46978066?
7
What is the millions digit of 85236169?
5
What is the millions digit of 802917702?
2
What is the units digit of 81683410?
0
What is the tens digit of 90281356?
5
What is the tens digit of 136244244?
4
What is the millions digit of 29077936?
9
What is the millions digit of 37828794?
7
What is the units digit of 463764571?
1
What is the hundred thousands digit of 154622797?
6
What is the hundreds digit of 48803995?
9
What is the units digit of 55720942?
2
What is the hundreds digit of 13524744?
7
What is the ten millions digit of 1644404637?
4
What is the hundreds digit of 175000199?
1
What is the hundred thousands digit of 435831913?
8
What is the millions digit of 22520838?
2
What is the billions digit of 3250703848?
3
What is the units digit of 141785126?
6
What is the hundreds digit of 37779085?
0
What is the units digit of 57515811?
1
What is the hundred thousands digit of 4924479717?
4
What is the units digit of 735432806?
6
What is the ten thousands digit of 495908803?
0
What is the millions digit of 2176611040?
6
What is the hundred thousands digit of 1836467476?
4
What is the ten millions digit of 68978511?
6
What is the hundreds digit of 340448397?
3
What is the ten millions digit of 6118209583?
1
What is the units digit of 157886999?
9
What is the ten thousands digit of 223877942?
7
What is the units digit of 60190269?
9
What is the hundred thousands digit of 1255393328?
3
What is the tens digit of 191899761?
6
What is the units digit of 449640548?
8
What is the units digit of 43884352?
2
What is the millions digit of 259184865?
9
What is the units digit of 91835845?
5
What is the ten thousands digit of 388286551?
8
What is the tens digit of 37